{"id":26,"date":"2014-02-23T12:49:40","date_gmt":"2014-02-23T11:49:40","guid":{"rendered":"http:\/\/krankenpflege-dressen.de\/?page_id=26"},"modified":"2024-04-26T09:18:04","modified_gmt":"2024-04-26T08:18:04","slug":"kontakt","status":"publish","type":"page","link":"http:\/\/krankenpflege-dressen.de\/?page_id=26","title":{"rendered":"Kontakt"},"content":{"rendered":"<div class=\"wpb_row vc_row-fluid\">\n\t<div class=\"vc_span6 wpb_column column_container\">\n\t\t<div class=\"wpb_wrapper\">\n\t\t\t\n\t<div class=\"wpb_text_column wpb_content_element \">\n\t\t<div class=\"wpb_wrapper\">\n\t\t\t<h2>Kontaktieren Sie uns<\/h2>\n<p>F\u00fcr freundliche, diskrete und ausf\u00fchrliche Gespr\u00e4che stehen wir Ihnen die Gesch\u00e4ftsf\u00fchrerinnen Gina Dre\u00dfen, Stefanie Nagel nach Terminabsprache gerne pers\u00f6nlich zur Verf\u00fcgung.<\/p>\n<p>Schreiben Sie uns doch bitte einfach eine E-Mail oder vereinbaren Sie telefonisch einen Termin<\/p>\n\n\t\t<\/div> \n\t<\/div> <a class=\"wpb_button_a\" title=\"E-Mail schreiben\" href=\"mailto:\/\/dressen@netcologne.de \"><span class=\"wpb_button  wpb_btn-success wpb_btn-large wpb_mail\">E-Mail schreiben <i class=\"icon\"> <\/i><\/span><\/a>\n<br \/><img decoding=\"async\" src=\"http:\/\/krankenpflege-dressen.de\/wp-content\/uploads\/2014\/02\/kontakt-2020.jpg\">\n\t\t<\/div> \n\t<\/div> \n\n\t<div class=\"vc_span6 wpb_column column_container\">\n\t\t<div class=\"wpb_wrapper\">\n\t\t\t\n\t<div class=\"wpb_text_column wpb_content_element \">\n\t\t<div class=\"wpb_wrapper\">\n\t\t\t<h2>Unser Adresse<\/h2>\n<p>Pflegeteam Dre\u00dfen GmbH<br \/>\nRheinstr. 183<br \/>\n50389 Wesseling- Urfeld<\/p>\n<p>Telefon: +49 2236 &#8211; 94 74 37<br \/>\nTelefax: +49 2236 &#8211; 94 74 39<\/p>\n<p>E-Mail: dressen@netcologne.de<br \/>\nInternet: www.krankenpflege-dressen.de<\/p>\n\n\t\t<\/div> \n\t<\/div> \n\t\t<\/div> \n\t<\/div> \n<\/div>\n","protected":false},"excerpt":{"rendered":"Kontaktieren Sie uns F\u00fcr freundliche, diskrete und ausf\u00fchrliche Gespr\u00e4che stehen wir Ihnen die Gesch\u00e4ftsf\u00fchrerinnen Gina Dre\u00dfen, Stefanie Nagel nach Terminabsprache gerne pers\u00f6nlich zur Verf\u00fcgung. Schreiben Sie uns doch bitte einfach eine E-Mail oder vereinbaren Sie telefonisch einen Termin E-Mail schreiben Unser Adresse Pflegeteam Dre\u00dfen GmbH Rheinstr. 183 50389 Wesseling- Urfeld Telefon: +49 2236 - 94 74 37 Telefax: +49 2236 - 94 74 39 E-Mail: dressen@netcologne.de Internet: www.krankenpflege-dressen.de","protected":false},"author":1,"featured_media":0,"parent":0,"menu_order":99,"comment_status":"closed","ping_status":"open","template":"","meta":{"footnotes":""},"class_list":["post-26","page","type-page","status-publish","hentry"],"_links":{"self":[{"href":"http:\/\/krankenpflege-dressen.de\/index.php?rest_route=\/wp\/v2\/pages\/26","targetHints":{"allow":["GET"]}}],"collection":[{"href":"http:\/\/krankenpflege-dressen.de\/index.php?rest_route=\/wp\/v2\/pages"}],"about":[{"href":"http:\/\/krankenpflege-dressen.de\/index.php?rest_route=\/wp\/v2\/types\/page"}],"author":[{"embeddable":true,"href":"http:\/\/krankenpflege-dressen.de\/index.php?rest_route=\/wp\/v2\/users\/1"}],"replies":[{"embeddable":true,"href":"http:\/\/krankenpflege-dressen.de\/index.php?rest_route=%2Fwp%2Fv2%2Fcomments&post=26"}],"version-history":[{"count":19,"href":"http:\/\/krankenpflege-dressen.de\/index.php?rest_route=\/wp\/v2\/pages\/26\/revisions"}],"predecessor-version":[{"id":488,"href":"http:\/\/krankenpflege-dressen.de\/index.php?rest_route=\/wp\/v2\/pages\/26\/revisions\/488"}],"wp:attachment":[{"href":"http:\/\/krankenpflege-dressen.de\/index.php?rest_route=%2Fwp%2Fv2%2Fmedia&parent=26"}],"curies":[{"name":"wp","href":"https:\/\/api.w.org\/{rel}","templated":true}]}}