{"id":12,"date":"2014-02-23T12:14:19","date_gmt":"2014-02-23T11:14:19","guid":{"rendered":"http:\/\/krankenpflege-dressen.de\/?page_id=12"},"modified":"2020-03-18T14:13:21","modified_gmt":"2020-03-18T13:13:21","slug":"startseite","status":"publish","type":"page","link":"https:\/\/krankenpflege-dressen.de\/","title":{"rendered":"Startseite"},"content":{"rendered":"<div class=\"wpb_row vc_row-fluid\">\n\t<div class=\"vc_span12 wpb_column column_container\">\n\t\t<div class=\"wpb_wrapper\">\n\t\t\t\n\t<div class=\"wpb_text_column wpb_content_element  wpb_animate_when_almost_visible wpb_top-to-bottom\">\n\t\t<div class=\"wpb_wrapper\">\n\t\t\t<h1>Willkommen bei Ihrem Pflegeteam Dre\u00dfen GmbH<\/h1>\n<h3>Es erwartet Sie ein professionelles Pflegeteam mit examinierten Kr\u00e4ften. Langj\u00e4hrige Erfahrung und Kompetenz gepaart mit Herz und Verstand garantieren eine optimale Versorgung.<\/h3>\n\n\t\t<\/div> \n\t<\/div> \n\t\t<\/div> \n\t<\/div> \n<\/div>\n","protected":false},"excerpt":{"rendered":"Willkommen bei Ihrem Pflegeteam Dre\u00dfen GmbH Es erwartet Sie ein professionelles Pflegeteam mit examinierten Kr\u00e4ften. Langj\u00e4hrige Erfahrung und Kompetenz gepaart mit Herz und Verstand garantieren eine optimale Versorgung.","protected":false},"author":1,"featured_media":0,"parent":0,"menu_order":0,"comment_status":"closed","ping_status":"open","template":"","meta":{"footnotes":""},"class_list":["post-12","page","type-page","status-publish","hentry"],"_links":{"self":[{"href":"https:\/\/krankenpflege-dressen.de\/index.php?rest_route=\/wp\/v2\/pages\/12","targetHints":{"allow":["GET"]}}],"collection":[{"href":"https:\/\/krankenpflege-dressen.de\/index.php?rest_route=\/wp\/v2\/pages"}],"about":[{"href":"https:\/\/krankenpflege-dressen.de\/index.php?rest_route=\/wp\/v2\/types\/page"}],"author":[{"embeddable":true,"href":"https:\/\/krankenpflege-dressen.de\/index.php?rest_route=\/wp\/v2\/users\/1"}],"replies":[{"embeddable":true,"href":"https:\/\/krankenpflege-dressen.de\/index.php?rest_route=%2Fwp%2Fv2%2Fcomments&post=12"}],"version-history":[{"count":4,"href":"https:\/\/krankenpflege-dressen.de\/index.php?rest_route=\/wp\/v2\/pages\/12\/revisions"}],"predecessor-version":[{"id":453,"href":"https:\/\/krankenpflege-dressen.de\/index.php?rest_route=\/wp\/v2\/pages\/12\/revisions\/453"}],"wp:attachment":[{"href":"https:\/\/krankenpflege-dressen.de\/index.php?rest_route=%2Fwp%2Fv2%2Fmedia&parent=12"}],"curies":[{"name":"wp","href":"https:\/\/api.w.org\/{rel}","templated":true}]}}

<div class="wpb_row vc_row-fluid">
	<div class="vc_span12 wpb_column column_container">
		<div class="wpb_wrapper">
			
	<div class="wpb_text_column wpb_content_element  wpb_animate_when_almost_visible wpb_top-to-bottom">
		<div class="wpb_wrapper">
			<h1>Willkommen bei Ihrem Pflegeteam Dreßen GmbH</h1>
<h3>Es erwartet Sie ein professionelles Pflegeteam mit examinierten Kräften. Langjährige Erfahrung und Kompetenz gepaart mit Herz und Verstand garantieren eine optimale Versorgung.</h3>

		</div> 
	</div> 
		</div> 
	</div> 
</div>

Willkommen bei Ihrem Pflegeteam Dreßen GmbH Es erwartet Sie ein professionelles Pflegeteam mit examinierten Kräften. Langjährige Erfahrung und Kompetenz gepaart mit Herz und Verstand garantieren eine optimale Versorgung.
