{"id":389,"date":"2017-06-22T22:27:00","date_gmt":"2017-06-22T21:27:00","guid":{"rendered":"http:\/\/krankenpflege-dressen.de\/?page_id=389"},"modified":"2024-04-26T07:59:59","modified_gmt":"2024-04-26T06:59:59","slug":"jobausbildung","status":"publish","type":"page","link":"https:\/\/krankenpflege-dressen.de\/?page_id=389","title":{"rendered":"Job\/Ausbildung"},"content":{"rendered":"<div class=\"wpb_row vc_row-fluid\">\n\t<div class=\"vc_span6 wpb_column column_container\">\n\t\t<div class=\"wpb_wrapper\">\n\t\t\t\n\t<div class=\"wpb_text_column wpb_content_element \">\n\t\t<div class=\"wpb_wrapper\">\n\t\t\t<h2>Jobs<\/h2>\n<h4>Auf den ersten Blick sind wir ein Pflegedienst wie jeder andere.<br \/>\nDoch auf den zweiten Blick sind wir viel mehr.<\/h4>\n<ul>\n<li>Wir sind einer der \u00e4ltesten Pflegedienste in Wesseling<\/li>\n<li>Wir haben eine sehr hohe Kundenzufriedenheit<\/li>\n<li>Wir haben langj\u00e4hrige Mitarbeiterinnen und Mitarbeiter<\/li>\n<li>Wir sind Mitarbeiterfreundlich<\/li>\n<li>Wir sind auch Familienfreundlich<\/li>\n<li>Wir halten zusammen<\/li>\n<li>Wir bilden aus<\/li>\n<li>Wir haben eine Tagespflege, Service Wohnen und Begegnunsst\u00e4tte<\/li>\n<\/ul>\n<p><strong>Wir sind ein tolles Team!<\/strong><\/p>\n<h4>Werden Sie ein Teil von uns und bewerben SIE sich als Pflegkraft<\/h4>\n<p><strong>Wir freuen uns auf Ihre Bewerbung<\/strong><\/p>\n<p><strong>Beratungsb\u00fcro und Zentrale:<\/strong><br \/>\nRheinstr. 183 in 50389 Wesseling- Urfeld<br \/>\nTel. 02236-947347<br \/>\nFax 02236-947439<br \/>\n<a href=\"mailto:dressen@netcologne.de\">dressen@netcologne.de<\/a><\/p>\n\n\t\t<\/div> \n\t<\/div> \n\t\t<\/div> \n\t<\/div> \n\n\t<div class=\"vc_span6 wpb_column column_container\">\n\t\t<div class=\"wpb_wrapper\">\n\t\t\t\n\t<div class=\"wpb_text_column wpb_content_element \">\n\t\t<div class=\"wpb_wrapper\">\n\t\t\t<h2>Ausbildung<\/h2>\n<p>Seit \u00fcber 20 Jahre steht der Name Dre\u00dfen f\u00fcr sehr gute Pflege in Wesseling und Umland.<\/p>\n<p>Gina Dre\u00dfen hat sich schon immer der Verantwortung gestellt und junge und junggebliebene Menschen in Ihrer Ausbildung im Dre\u00dfen Pflegeteam begleitet.<\/p>\n<p>Aktuell bilden wir aus in den Bereichen:<\/p>\n<ul>\n<li>Pflegefachperson (Altenpflegerin und Altenpfleger) mit vier Ausbildungspl\u00e4tzen<\/li>\n<li>Kauffrau \/ Kaufmann Gesundheitswesen (IHK) mit einem Ausbildungsplatz<\/li>\n<li>Duales Studium, Bachelor Schwerpunkt Health &amp; Care (EUFH) mit einem Ausbildungsplatz<\/li>\n<li>Fachpraktikerin Service in sozialen Einrichtungen (IHK) mit einem Ausbildungsplatz.<\/li>\n<\/ul>\n<p>Die Ausbildung erfolgt in der H\u00e4uslichen Krankenpflege, der Senioren Tagesst\u00e4tte Westring, dem Betreuten Wohnen, dem Servicewohnen und zuk\u00fcnftig auch in Dre\u00dfen Rheinblick in Urfeld.<\/p>\n<p>Weitere Informationen erhalten Sie unter den angegebenen Links:<\/p>\n<ul>\n<li><a href=\"https:\/\/berufenet.arbeitsagentur.de\/berufenet\/faces\/index;BERUFENETJSESSIONID=YRw-e7O0oFwjpF-xLUINpURhzQagRXQUFyiWSkwl9A09O2AQCjK-!1084680091?path=null\/kurzbeschreibung&amp;dkz=9065\">Altenpflegerin \/ Altenpfleger<\/a><\/li>\n<li><a href=\"https:\/\/berufenet.arbeitsagentur.de\/berufenet\/faces\/index?path=null\/kurzbeschreibung&amp;dkz=7889\">Kauffrau \/ Kaufmann im Gesundheitswesen<\/a><\/li>\n<li><a href=\"http:\/\/www.eufh.de\/studieninteressierte\/schueler-und-abiturienten\/duales-studium.html#Blockmodell\">Duales Studium<\/a><\/li>\n<li><a href=\"http:\/\/www.invia-koeln.de\/aktuelles\/aktuelles-details\/article\/neue-ausbildung-fuer-foerderschueler-innen-schliesst-service-luecke\/1.html\">Fachpraktiker Service in sozialen Einrichtungen<\/a><\/li>\n<\/ul>\n\n\t\t<\/div> \n\t<\/div> \n\t\t<\/div> \n\t<\/div> \n<\/div>\n","protected":false},"excerpt":{"rendered":"Jobs Auf den ersten Blick sind wir ein Pflegedienst wie jeder andere. Doch auf den zweiten Blick sind wir viel mehr. Wir sind einer der \u00e4ltesten Pflegedienste in Wesseling Wir haben eine sehr hohe Kundenzufriedenheit Wir haben langj\u00e4hrige Mitarbeiterinnen und Mitarbeiter Wir sind Mitarbeiterfreundlich Wir sind auch Familienfreundlich Wir halten zusammen Wir bilden aus Wir haben eine Tagespflege, Service Wohnen und Begegnunsst\u00e4tte Wir sind ein tolles Team! Werden Sie ein Teil von uns und bewerben SIE sich als Pflegkraft Wir freuen uns auf Ihre Bewerbung Beratungsb\u00fcro und Zentrale: Rheinstr. 183 in 50389 Wesseling- Urfeld Tel. 02236-947347 Fax 02236-947439 dressen@netcologne.de Ausbildung Seit \u00fcber 20 Jahre steht der Name Dre\u00dfen f\u00fcr sehr gute Pflege in Wesseling und Umland. Gina Dre\u00dfen hat sich schon immer der Verantwortung gestellt und junge und junggebliebene Menschen in Ihrer Ausbildung im Dre\u00dfen Pflegeteam begleitet. Aktuell bilden wir aus in den Bereichen: Pflegefachperson (Altenpflegerin und Altenpfleger) mit vier Ausbildungspl\u00e4tzen Kauffrau \/ Kaufmann Gesundheitswesen (IHK) mit einem Ausbildungsplatz Duales Studium, Bachelor Schwerpunkt Health &amp; Care (EUFH) mit einem Ausbildungsplatz Fachpraktikerin Service in sozialen Einrichtungen (IHK) mit einem Ausbildungsplatz. Die Ausbildung erfolgt in der H\u00e4uslichen Krankenpflege, der Senioren Tagesst\u00e4tte Westring, dem Betreuten Wohnen, dem Servicewohnen und zuk\u00fcnftig auch in Dre\u00dfen Rheinblick in Urfeld. Weitere Informationen erhalten Sie unter den angegebenen Links: Altenpflegerin \/ Altenpfleger Kauffrau \/ Kaufmann im Gesundheitswesen Duales Studium Fachpraktiker Service in sozialen Einrichtungen","protected":false},"author":3,"featured_media":0,"parent":0,"menu_order":0,"comment_status":"closed","ping_status":"closed","template":"","meta":{"footnotes":""},"class_list":["post-389","page","type-page","status-publish","hentry"],"_links":{"self":[{"href":"https:\/\/krankenpflege-dressen.de\/index.php?rest_route=\/wp\/v2\/pages\/389","targetHints":{"allow":["GET"]}}],"collection":[{"href":"https:\/\/krankenpflege-dressen.de\/index.php?rest_route=\/wp\/v2\/pages"}],"about":[{"href":"https:\/\/krankenpflege-dressen.de\/index.php?rest_route=\/wp\/v2\/types\/page"}],"author":[{"embeddable":true,"href":"https:\/\/krankenpflege-dressen.de\/index.php?rest_route=\/wp\/v2\/users\/3"}],"replies":[{"embeddable":true,"href":"https:\/\/krankenpflege-dressen.de\/index.php?rest_route=%2Fwp%2Fv2%2Fcomments&post=389"}],"version-history":[{"count":9,"href":"https:\/\/krankenpflege-dressen.de\/index.php?rest_route=\/wp\/v2\/pages\/389\/revisions"}],"predecessor-version":[{"id":486,"href":"https:\/\/krankenpflege-dressen.de\/index.php?rest_route=\/wp\/v2\/pages\/389\/revisions\/486"}],"wp:attachment":[{"href":"https:\/\/krankenpflege-dressen.de\/index.php?rest_route=%2Fwp%2Fv2%2Fmedia&parent=389"}],"curies":[{"name":"wp","href":"https:\/\/api.w.org\/{rel}","templated":true}]}}

<div class="wpb_row vc_row-fluid">
	<div class="vc_span6 wpb_column column_container">
		<div class="wpb_wrapper">
			
	<div class="wpb_text_column wpb_content_element ">
		<div class="wpb_wrapper">
			<h2>Jobs</h2>
<h4>Auf den ersten Blick sind wir ein Pflegedienst wie jeder andere.<br />
Doch auf den zweiten Blick sind wir viel mehr.</h4>
<ul>
<li>Wir sind einer der ältesten Pflegedienste in Wesseling</li>
<li>Wir haben eine sehr hohe Kundenzufriedenheit</li>
<li>Wir haben langjährige Mitarbeiterinnen und Mitarbeiter</li>
<li>Wir sind Mitarbeiterfreundlich</li>
<li>Wir sind auch Familienfreundlich</li>
<li>Wir halten zusammen</li>
<li>Wir bilden aus</li>
<li>Wir haben eine Tagespflege, Service Wohnen und Begegnunsstätte</li>
</ul>
<p><strong>Wir sind ein tolles Team!</strong></p>
<h4>Werden Sie ein Teil von uns und bewerben SIE sich als Pflegkraft</h4>
<p><strong>Wir freuen uns auf Ihre Bewerbung</strong></p>
<p><strong>Beratungsbüro und Zentrale:</strong><br />
Rheinstr. 183 in 50389 Wesseling- Urfeld<br />
Tel. 02236-947347<br />
Fax 02236-947439<br />
<a href="mailto:dressen@netcologne.de">dressen@netcologne.de</a></p>

		</div> 
	</div> 
		</div> 
	</div> 

	<div class="vc_span6 wpb_column column_container">
		<div class="wpb_wrapper">
			
	<div class="wpb_text_column wpb_content_element ">
		<div class="wpb_wrapper">
			<h2>Ausbildung</h2>
<p>Seit über 20 Jahre steht der Name Dreßen für sehr gute Pflege in Wesseling und Umland.</p>
<p>Gina Dreßen hat sich schon immer der Verantwortung gestellt und junge und junggebliebene Menschen in Ihrer Ausbildung im Dreßen Pflegeteam begleitet.</p>
<p>Aktuell bilden wir aus in den Bereichen:</p>
<ul>
<li>Pflegefachperson (Altenpflegerin und Altenpfleger) mit vier Ausbildungsplätzen</li>
<li>Kauffrau / Kaufmann Gesundheitswesen (IHK) mit einem Ausbildungsplatz</li>
<li>Duales Studium, Bachelor Schwerpunkt Health &amp; Care (EUFH) mit einem Ausbildungsplatz</li>
<li>Fachpraktikerin Service in sozialen Einrichtungen (IHK) mit einem Ausbildungsplatz.</li>
</ul>
<p>Die Ausbildung erfolgt in der Häuslichen Krankenpflege, der Senioren Tagesstätte Westring, dem Betreuten Wohnen, dem Servicewohnen und zukünftig auch in Dreßen Rheinblick in Urfeld.</p>
<p>Weitere Informationen erhalten Sie unter den angegebenen Links:</p>
<ul>
<li><a href="https://berufenet.arbeitsagentur.de/berufenet/faces/index;BERUFENETJSESSIONID=YRw-e7O0oFwjpF-xLUINpURhzQagRXQUFyiWSkwl9A09O2AQCjK-!1084680091?path=null/kurzbeschreibung&amp;dkz=9065">Altenpflegerin / Altenpfleger</a></li>
<li><a href="https://berufenet.arbeitsagentur.de/berufenet/faces/index?path=null/kurzbeschreibung&amp;dkz=7889">Kauffrau / Kaufmann im Gesundheitswesen</a></li>
<li><a href="http://www.eufh.de/studieninteressierte/schueler-und-abiturienten/duales-studium.html#Blockmodell">Duales Studium</a></li>
<li><a href="http://www.invia-koeln.de/aktuelles/aktuelles-details/article/neue-ausbildung-fuer-foerderschueler-innen-schliesst-service-luecke/1.html">Fachpraktiker Service in sozialen Einrichtungen</a></li>
</ul>

		</div> 
	</div> 
		</div> 
	</div> 
</div>

Jobs Auf den ersten Blick sind wir ein Pflegedienst wie jeder andere. Doch auf den zweiten Blick sind wir viel mehr. Wir sind einer der ältesten Pflegedienste in Wesseling Wir haben eine sehr hohe Kundenzufriedenheit Wir haben langjährige Mitarbeiterinnen und Mitarbeiter Wir sind Mitarbeiterfreundlich Wir sind auch Familienfreundlich Wir halten zusammen Wir bilden aus Wir haben eine Tagespflege, Service Wohnen und Begegnunsstätte Wir sind ein tolles Team! Werden Sie ein Teil von uns und bewerben SIE sich als Pflegkraft Wir freuen uns auf Ihre Bewerbung Beratungsbüro und Zentrale: Rheinstr. 183 in 50389 Wesseling- Urfeld Tel. 02236-947347 Fax 02236-947439 dressen@netcologne.de Ausbildung Seit über 20 Jahre steht der Name Dreßen für sehr gute Pflege in Wesseling und Umland. Gina Dreßen hat sich schon immer der Verantwortung gestellt und junge und junggebliebene Menschen in Ihrer Ausbildung im Dreßen Pflegeteam begleitet. Aktuell bilden wir aus in den Bereichen: Pflegefachperson (Altenpflegerin und Altenpfleger) mit vier Ausbildungsplätzen Kauffrau / Kaufmann Gesundheitswesen (IHK) mit einem Ausbildungsplatz Duales Studium, Bachelor Schwerpunkt Health &amp; Care (EUFH) mit einem Ausbildungsplatz Fachpraktikerin Service in sozialen Einrichtungen (IHK) mit einem Ausbildungsplatz. Die Ausbildung erfolgt in der Häuslichen Krankenpflege, der Senioren Tagesstätte Westring, dem Betreuten Wohnen, dem Servicewohnen und zukünftig auch in Dreßen Rheinblick in Urfeld. Weitere Informationen erhalten Sie unter den angegebenen Links: Altenpflegerin / Altenpfleger Kauffrau / Kaufmann im Gesundheitswesen Duales Studium Fachpraktiker Service in sozialen Einrichtungen
